-4 - 1))?
-3
Calculate 1 - 16 - (10 + -3 + -1) - 5.
-26
What is 53 - (3 - -10) - (-4 + 13)?
31
Calculate -10 + 36 + -2 + -11 + 0.
13
-32 + 5 - (-15 - -5 - (-3 - 0))
-20
Calculate 17 + (-12 - -8) + (2 + 0 - 1).
14
What is the value of (-110 - -81) + (-1 - -20)?
-10
Evaluate (-17 - -3) + 27 + 2.
15
Evaluate (286 - 295) + (0 - (-1 - -14)).
-22
Evaluate (63 - (-93 - -146)) + -2 + (12 - 1).
19
What is 10 + (-5 - 0) + -1 - (-88 + 90)?
2
What is -8 + (3 + -1 + 13 - 8) - 12?
-13
What is the value of (7 - -3) + (17 - 14) + -17?
-4
What is (53 - 12) + (-22 - 8)?
11
-129 + 131 + 1 + -15
-12
What is (9 - 19 - -8) + (-2 + -4 - -8)?
0
8 + 2 + 0 - (90 - 59)
-21
What is the value of 6 - -5 - (-12 + 21)?
2
What is the value of (-4 - (2 - 32)) + -17?
9
Calculate (-5 + 32 + -12 - 7) + (-34 - -2).
-24
-2 + (4 - (-15 + 13)) + 14
18
What is the value of 19 + -21 + (10 + -6 - -25 - 6)?
21
(0 - (12 + 0) - (27 - 21)) + 7
-11
Evaluate (-13 - -29 - 48) + 18.
-14
4 + -18 + (2 - -2) - (-21 - -28)
-17
What is -9 - ((-20 - (-4 - 11)) + 1)?
-5
Evaluate 4 + -6 + 8 + 2 - (5 + 3).
0
Calculate (1 - (-3 + 5 + -8 + 12)) + 2.
-3
Calculate 0 - -2 - (81 + -69).
-10
What is the value of (180 - 219) + 14 + -4?
-29
What is (-4 - 9) + (-11 - -10 - -13)?
-1
What is the value of (137 + -141 - (0 + (-1 - 1))) + -5?
-7
What is the value of -48 + 6 + 31 - (1 - -1 - 0)?
-13
What is (-1 - -1 - 0) + (10 - 22)?
-12
Evaluate (11 - (18 + -5)) + 14 - -1.
13
What is the value of -1 + 5 - (-2 + 1 - (-62 - -59))?
2
13 + 12 + (-2 - 5)
18
What is 13 - (5 - -7) - -7?
8
What is the value of 1 - (-11 - (29 - 62))?
-21
What is -4 + -13 + 12 + 15?
10
(85 + -81 - (6 - 0)) + 1
-1
What is the value of 20 + 22 + (-8 + -14 - -3)?
23
What is ((-5 - 9) + 4 - -14 - 5) + 22?
21
What is the value of (0 - -6) + (661 - 643)?
24
Calculate -13 + (-16 - (6 - 20)) - 4.
-19
Evaluate -20 + (-42 - (24 - 57)).
-29
3 + -8 + 1 + (9 - 8)
-3
What is -4 + (0 - 1) - ((-13 - -7) + 11)?
-10
-1 + -2 + (-6 - -29) + -15
5
Evaluate (14 - 6) + 16 + -24 + 9 + 0.
9
Evaluate -2 + -5 + -29 + 36.
0
What is the value of (0 - -2) + -12 + -1467 + 1465?
-12
What is the value of 0 + 2 + (2 - 10 - (-9 - 7))?
10
What is the value of -9 - (1 - (12 - 9))?
-7
Calculate (5 - (1 + (1 - -5))) + (8 - 1).
5
Calculate 1 + 4 - (-147 - -141) - (-3 + -2).
16
Evaluate 14 + -43 - -24 - (0 - (-2 - -2)).
-5
Calculate (-6 - (5 + 2) - -15) + 1 + 0.
3
-24 + (3 - (9 - 7 - 3)) + 1
-19
What is the value of -41 + 64 + -34 - 24?
-35
Calculate (-2 - (-18 + 8)) + 3 + 5.
16
(2 - (-1 + -6 + 1)) + -24 + -6
-22
Calculate 5 + (4 - (-20 - -34)).
-5
What is the value of 20 + (-12 + 38 - 24)?
22
What is the value of 7 + -6 + -4 + -10?
-13
What is the value of (-1 - 17) + (376 - 360)?
-2
12 - (23 + 2 + (10 - 3))
-20
Evaluate (-4 - 2) + 0 + -3 + 24.
15
Calculate 0 - (18 + -13 + 6).
-11
(8 - 3) + 2 - 13
-6
Evaluate (28 - 16) + 24 + -35.
1
Evaluate 20 + (-5 + 17 - 22) + -11.
-1
(1 + -17 - (-68 - -59)) + 9
2
What is 2 + 40 + (39 - 47)?
34
What is 11 - (9 - (-8 + 5))?
-1
(-9 - ((-10 - 1) + 8)) + 21
15
Calculate -35 - -19 - (-12 - -14).
-18
Evaluate (2 + -3 - (2 + 5 + -8)) + 4.
4
What is 56 + -42 - (2 - -2 - -2) - 8?
0
What is the value of -8 + (-14 - -17) + -5?
-10
Evaluate (-8 - (-19 + -1) - -3) + -8.
7
16 + -13 + -1 + -2
0
Evaluate (1 - (5 + 0)) + (0 - 5) - -1.
-8
What is -1 - -3 - (48 + -37)?
-9
8 + -10 + 6 - -5 - -1
10
Evaluate -30 + 5 + 2 + -1 + 4 + 3.
-17
Evaluate -31 - -39 - (0 - -10) - -8.
6
Evaluate -4 - 0 - -12 - (26 + -9).
-9
Calculate 17 - (-15 + 33 + -9).
8
What is (5 - (0 + -10 - -6)) + 0?
9
What is -11 + 38 + 2 + -15?
14
Evaluate -11 + 7 + (-5 - 2) + 9 - -7.
5
What is the value of -7 - (21 - (24 + -14))?
-18
Evaluate -1 + -39 - -3 - (35 + -33 - 9).
-30
27 + 2 + (-5 - ((-14 - -10) + -3))
31
What is (2 - (20 - (33 - 16))) + -30?
-31
Calculate 4 - -2 - 39 - (180 + -176).
-37
Calculate 132 + -137 + (8 - (1 + -3)).
5
Calculate (28 - 0) + -147 + 138 + -7.
12
6 + -1 - (-3 - -2) - 10
-4
Calculate 6 - (-9 - (-11 + 10 + (4 - 14))).
4
Calculate (18 - -4) + -29 + 23 + -8.
8
Calculate 14 + 0 + -3 - (41 + -24 - 35).
29
What is the value of -25 + 1 - (36 - 11 - 35)?
-14
Calculate (1 - -15) + (-11 - (-3 - -3)).
5
What is the value of 3 - ((-4 - -26 - 1) + 0 + -6)?
-12
What is the value of (-4 - -9 - -6) + (3 - (21 - 13))?
6
8 - (-12 + 1) - 15 - -2
6
What is (13 - -30) + -34 + -37 + 0 + 3?
-25
What is the value of 0 - 9 - (-90 - -88)?
-7
Evaluate (139 + -142 - (4 - 0)) + 5 + -12.
-14
What is 26 - (-2 - -37) - (-31 + 2)?
20
Calculate (1 - 3) + (-2 - 10 - -1 - -21).
8
What is the value of 19 - (-4 - (-16 + 6 - -9))?
22
Calculate 33 - (22 + -9 + 7).
13
52 - 19 - (-1 - -15)
19
(66 - 18) + -31 - (0 - -12)
5
What is the value of 4 - 5 - (-3 - 9)?
11
Calculate -17 - -17 - 5 - -20 - 1.
14
What is -172 + 202 - (-2 - -28)?
4
(-32 - -24) + 7 + -4
-5
-77 + 89 + -11 + -2
-1
Calculate (102 - 94) + (-2 - 4).
2
Calculate 1 + -9 + (4 - 2) + 2 + -5.
-9
Calculate (11 - 13) + 2 - -14.
14
What is 205 - 207 - (1 + 8)?
-11
Evaluate 20 + -24 - (2 + (1 - 0) + 4).
-11
What is -6 + 8 + (41 - 67 - (-8 - -1))?
-17
Evaluate 1 + 6 - (6 + -1 - (-138 + 141)).
5
Evaluate (1 - 2) + 3 + 1 + (-23 - -12).
-8
Calculate -9 - 3 - (51 + -51).
-12
What is 2 + -9 - (2 - 5 - 7)?
3
Evaluate (-1 - (-21 + 5)) + (-8 - 1 - -9).
15
What is -6 + (13 - 10 - (5 + -1 + -1))?
-6
Evaluate -8 + (22 - 11) + -5 + -4 + -6.
-12
Calculate (-2 - 1 - (12 + -11 - 2)) + 13.
11
Calculate 12 + (12 - 19) - ((-2 - -3) + -1).
5
Calculate 20 + (-22 - -1) - 6.
-7
Evaluate (62 - 18 - 27) + -13.
4
-1 - (42 - (0 - -21))
-22
What is -10 + (-1 + 11 - (21 + -28))?
7
Calculate (12 - 24) + -4 + 18.
2
What is the value of 10 + 1 + 3 + -6 + 12?
20
-5 - (-1 - (-2 - 3) - (1 - -3))
-5
Evaluate 4 - (-15 - (10 + -13)).
16
8 - (-26 - 0 - (10 - -27 - 39))
32
What is (1 + 48 - 41) + -40?
-32
-415 - -403 - (0 - 22)
10
7 + (0 - 1) + -27 + 46 + -11
14
Calculate 32 - 28 - ((3 - (5 + -2)) + -5).
9
What is the value of (-194 - -189) + -4 + 1 - -16?
8
What is the value of 36 - 41 - (10 - 36)?
21
What is -14 - 14 - (-10 - 4)?
-14
(-6 - (-5 + 6)) + 1 + (6 - 6)
-6
What is 5 + 13 + -17 + -23 + 40?
18
Evaluate 4 + 1 - (2 + (1 - (-5 - -8))).
5
8 + -10 - (-14 - (-12 + (2 - -5)))
7
Evaluate 26 - 41 - (-3 + -11).
-1
Evaluate -3 + (-35 + 26 - (-2 - -6)).
-16
What is the value of (7 - -15 - -8) + 11 + -21?
20
Calculate -11 - (-11 - 3 - -4) - (2 - 28).
25
(3 - (9 + -18)) + 7 - 7
12
Calculate -61 - -26 - (-34 - -8).
-9
Evaluate (10 + -4 - (30 + -2 + 2)) + 3.
-21
Evaluate (0 - -8) + 4 + -34 + 35 + 6.
19
What is the value of (22 - -1) + -7 + -18?
-2
What is the value of -23 + (6 - -18 - 8)?
-7
Evaluate -3 + (-21 + 30 - (-1 - -13)).
-6
What is the value of 4 + -2 + (0 - (24 + -7)) + 5?
-10
Evaluate 25 - 3 - 27 - (-11 - -2).
4
Calculate 15 + -32 - -37 - (3 - (-1 - 0)).
16
Evaluate (1 - -2) + -19 + 17 + 5.
6
40 + -71 - -13 - 5
-23
What is -1 + -6 + -4 + -3 - (-2 + 2)?
-14
Calculate -9 + 66 + -23 - 15.
19
What is 2 + 73 + (234 - 276)?
33
What is the value of 1 + -42 + (-1038 - -1066)?
-13
Evaluate 19 + 16 + -16 + 1.
20
Evaluate (5 - -2) + 1 + 5 + -9 + 5.
9
What is -3 + (-2 + -13 + 9 - (-1 - -7))?
-15
Evaluate 1 - 5 - (24 + (9 + -35 - -11)).
-13
What is -26 + -29 + 12 + 21?
-22
Evaluate -14 - (11 - -2 - (-32 + 43)).
-16
-9 - (-10 + (6 - 15))
10
What is the value of (-5 - 4) + (1 - (-23 + 3 + 10))?
2
Evaluate -3 + -5 + 3 + 1 - (15 + -17).
-2
What is the value of 18 + -5 - 17 - -4?
0
What is the value of -5 - -10 - (-1 + (-7 - -33))?
-20
2 + -1 + 0 - (-12 + 20 + -14)
7
What is 13 + (-6 - 2) - (-18 - -4)?
19
Evaluate 10 + 9 + (-14 - -8) + 1.
14
Evaluate (13 - 1) + (7 + -17 - -2) + 0.
4
2 + (-3 - 3) + 1 + (41 - 36)
2
What is the value of (-14 - (-31 - 9)) + -41?
-15
52 - 18 - (-2 - -35)
1
What is the value of 2 + 17 - (-35 + 54)?
0
What is (-23 + -5 + 20 - (0 - 8)) + -7?
-7
-5 - ((-25 - (-14 - 3)) + (0 - 1))
4
What is the value of (-5 - 0) + -1 - -8?
2
Calculate -31 + 41 - (30 + (-10 - -6)).
-16
1 - -6 - (8 - ((-2 - -3) + 2))
2
What is the value of -27 + 3 - -33 - (22 - -2)?
-15
What is 6 - (1 + 6 + 5) - -8?
2
90 + -104 + (2 - (2 + (2 - 5)))
-11
Calculate -166 + 166 + (7 - 1).
6
Evaluate (-2 - (1 - (2 + 1 - -3))) + -8.
-5
Evaluate 0 - (4 + 10) - -7 - (2 - -2).
-11
What is 3 + -2 - 1 - (123 + -113)?
-10
What is